 by 2232.
2
What is the remainder when 750312 is divided by 16?
8
Calculate the remainder when 717 is divided by 28.
17
Calculate the remainder when 3038 is divided by 1048.
942
What is the remainder when 395597 is divided by 64?
13
What is the remainder when 8315 is divided by 141?
137
What is the remainder when 411107 is divided by 134?
129
Calculate the remainder when 12552 is divided by 24.
0
What is the remainder when 114367 is divided by 136?
127
Calculate the remainder when 16497 is divided by 7.
5
Calculate the remainder when 1908564 is divided by 13.
8
Calculate the remainder when 789536 is divided by 10.
6
What is the remainder when 253192 is divided by 253183?
9
Calculate the remainder when 59569 is divided by 6617.
16
What is the remainder when 333067 is divided by 4?
3
What is the remainder when 6636 is divided by 97?
40
Calculate the remainder when 3303 is divided by 545.
33
What is the remainder when 37865 is divided by 9357?
437
What is the remainder when 82613 is divided by 290?
253
Calculate the remainder when 39955 is divided by 1149.
889
Calculate the remainder when 2794 is divided by 212.
38
Calculate the remainder when 147759 is divided by 53.
48
What is the remainder when 1208 is divided by 369?
101
What is the remainder when 6885 is divided by 24?
21
What is the remainder when 102621 is divided by 1466?
1
Calculate the remainder when 8816750 is divided by 207.
206
What is the remainder when 39722 is divided by 36?
14
Calculate the remainder when 161861 is divided by 99.
95
What is the remainder when 5094 is divided by 5083?
11
Calculate the remainder when 84017 is divided by 73.
67
Calculate the remainder when 5233 is divided by 475.
8
Calculate the remainder when 1829 is divided by 690.
449
What is the remainder when 47724 is divided by 15879?
87
What is the remainder when 19527 is divided by 55?
2
What is the remainder when 180327 is divided by 15?
12
Calculate the remainder when 32744 is divided by 809.
384
Calculate the remainder when 6007 is divided by 732.
151
What is the remainder when 7897 is divided by 152?
145
What is the remainder when 327289 is divided by 230?
229
Calculate the remainder when 2044517 is divided by 79.
76
Calculate the remainder when 60380 is divided by 375.
5
What is the remainder when 9761 is divided by 649?
26
What is the remainder when 2627 is divided by 1185?
257
Calculate the remainder when 12667 is divided by 81.
31
What is the remainder when 1881645 is divided by 26?
25
What is the remainder when 946 is divided by 17?
11
Calculate the remainder when 11338 is divided by 501.
316
Calculate the remainder when 1804 is divided by 198.
22
Calculate the remainder when 17016 is divided by 5544.
384
Calculate the remainder when 43803 is divided by 12.
3
Calculate the remainder when 3370408 is divided by 81.
79
What is the remainder when 986 is divided by 312?
50
What is the remainder when 92733 is divided by 11?
3
What is the remainder when 12383 is divided by 3021?
299
What is the remainder when 155832 is divided by 11987?
1
What is the remainder when 1661 is divided by 1388?
273
Calculate the remainder when 20119 is divided by 6696.
31
Calculate the remainder when 7730091 is divided by 23.
21
Calculate the remainder when 73995 is divided by 18429.
279
What is the remainder when 49132 is divided by 117?
109
What is the remainder when 13317 is divided by 75?
42
Calculate the remainder when 14504 is divided by 2762.
694
What is the remainder when 16109 is divided by 418?
225
Calculate the remainder when 1184 is divided by 97.
20
Calculate the remainder when 2824 is divided by 541.
119
Calculate the remainder when 13186 is divided by 738.
640
Calculate the remainder when 8814 is divided by 124.
10
Calculate the remainder when 5056 is divided by 118.
100
Calculate the remainder when 1306 is divided by 1303.
3
What is the remainder when 25093 is divided by 893?
89
Calculate the remainder when 150954 is divided by 52.
50
Calculate the remainder when 5694 is divided by 16.
14
What is the remainder when 77615 is divided by 264?
263
What is the remainder when 1193 is divided by 359?
116
Calculate the remainder when 562 is divided by 559.
3
Calculate the remainder when 404147 is divided by 191.
182
What is the remainder when 48862 is divided by 12?
10
Calculate the remainder when 4106 is divided by 1600.
906
Calculate the remainder when 1885 is divided by 1848.
37
Calculate the remainder when 1548 is divided by 1232.
316
What is the remainder when 75001 is divided by 12499?
7
Calculate the remainder when 917 is divided by 887.
30
What is the remainder when 44870 is divided by 284?
282
What is the remainder when 1753 is divided by 13?
11
What is the remainder when 2796750 is divided by 222?
216
Calculate the remainder when 39016 is divided by 13002.
10
Calculate the remainder when 2932 is divided by 1392.
148
What is the remainder when 1993 is divided by 362?
183
What is the remainder when 3114 is divided by 777?
6
What is the remainder when 156086 is divided by 165?
161
What is the remainder when 224624 is divided by 41?
26
Calculate the remainder when 4974 is divided by 570.
414
Calculate the remainder when 8411 is divided by 138.
131
Calculate the remainder when 7372 is divided by 561.
79
Calculate the remainder when 9782 is divided by 1588.
254
Calculate the remainder when 117139 is divided by 39038.
25
What is the remainder when 757062 is divided by 1231?
1228
Calculate the remainder when 5860 is divided by 127.
18
Calculate the remainder when 1005358 is divided by 59.
57
Calculate the remainder when 18313 is divided by 1863.
1546
Calculate the remainder when 229729 is divided by 493.
484
Calculate the remainder when 37895 is divided by 574.
11
What is the remainder when 35583 is divided by 7?
2
What is the remainder when 28822 is divided by 1844?
1162
Calculate the remainder when 2651 is divided by 376.
19
Calculate the remainder when 2585 is divided by 52.
37
What is the remainder when 65630 is divided by 852?
26
What is the remainder when 685965 is divided by 8?
5
Calculate the remainder when 6383 is divided by 1759.
1106
What is the remainder when 13785 is divided by 1038?
291
Calculate the remainder when 11497 is divided by 11358.
139
What is the remainder when 22210 is divided by 119?
76
What is the remainder when 16414 is divided by 17?
9
Calculate the remainder when 35101 is divided by 258.
13
What is the remainder when 196092 is divided by 952?
932
Calculate the remainder when 939 is divided by 393.
153
What is the remainder when 893752 is divided by 162?
160
Calculate the remainder when 683 is divided by 167.
15
Calculate the remainder when 19122 is divided by 82.
16
What is the remainder when 348149 is divided by 28?
25
What is the remainder when 5770 is divided by 47?
36
Calculate the remainder when 11919 is divided by 1981.
33
Calculate the remainder when 37445 is divided by 69.
47
Calculate the remainder when 1412 is divided by 172.
36
Calculate the remainder when 208 is divided by 110.
98
What is the remainder when 65933 is divided by 407?
406
What is the remainder when 25490 is divided by 4246?
14
What is the remainder when 213008 is divided by 53247?
20
Calculate the remainder when 114902 is divided by 28725.
2
Calculate the remainder when 22025 is divided by 116.
101
Calculate the remainder when 3660 is divided by 3650.
10
What is the remainder when 14062 is divided by 237?
79
Calculate the remainder when 42036 is divided by 14001.
33
What is the remainder when 745949 is divided by 269?
12
What is the remainder when 83759 is divided by 31?
28
What is the remainder when 78234 is divided by 16?
10
What is the remainder when 5720 is divided by 2842?
36
Calculate the remainder when 4773 is divided by 759.
219
What is the remainder when 8696 is divided by 874?
830
Calculate the remainder when 22115 is divided by 12.
11
Calculate the remainder when 5338 is divided by 1770.
28
What is the remainder when 761435 is divided by 172?
163
Calculate the remainder when 910 is divided by 16.
14
What is the remainder when 101081 is divided by 33690?
11
What is the remainder when 10500 is divided by 36?
24
What is the remainder when 6476 is divided by 54?
50
What is the remainder when 12154 is